ist the prime factors of 4230.
2, 3, 5, 47
List the prime factors of 3342.
2, 3, 557
List the prime factors of 55248.
2, 3, 1151
What are the prime factors of 17210?
2, 5, 1721
List the prime factors of 2172.
2, 3, 181
List the prime factors of 24582.
2, 3, 17, 241
List the prime factors of 1027.
13, 79
List the prime factors of 623.
7, 89
What are the prime factors of 4370?
2, 5, 19, 23
What are the prime factors of 38644?
2, 9661
What are the prime factors of 110857?
17, 6521
What are the prime factors of 7111?
13, 547
List the prime factors of 57503.
57503
List the prime factors of 46603.
29, 1607
List the prime factors of 79934.
2, 17, 2351
What are the prime factors of 3015?
3, 5, 67
What are the prime factors of 679?
7, 97
What are the prime factors of 1710?
2, 3, 5, 19
List the prime factors of 55327.
61, 907
What are the prime factors of 7253?
7253
List the prime factors of 2215.
5, 443
List the prime factors of 6888.
2, 3, 7, 41
List the prime factors of 15469.
31, 499
List the prime factors of 17493.
3, 7, 17
What are the prime factors of 174?
2, 3, 29
List the prime factors of 4628.
2, 13, 89
What are the prime factors of 47546?
2, 23773
List the prime factors of 678.
2, 3, 113
List the prime factors of 1246.
2, 7, 89
List the prime factors of 179730.
2, 3, 5, 1997
List the prime factors of 17928.
2, 3, 83
What are the prime factors of 1048?
2, 131
What are the prime factors of 40964?
2, 7, 11, 19
List the prime factors of 4380.
2, 3, 5, 73
What are the prime factors of 1493?
1493
What are the prime factors of 15683?
15683
What are the prime factors of 4994?
2, 11, 227
What are the prime factors of 5515?
5, 1103
List the prime factors of 1215.
3, 5
List the prime factors of 19938.
2, 3, 3323
What are the prime factors of 992?
2, 31
What are the prime factors of 120?
2, 3, 5
What are the prime factors of 1622?
2, 811
List the prime factors of 345.
3, 5, 23
What are the prime factors of 37?
37
What are the prime factors of 45413?
45413
What are the prime factors of 935?
5, 11, 17
List the prime factors of 9616.
2, 601
What are the prime factors of 346?
2, 173
What are the prime factors of 1062?
2, 3, 59
List the prime factors of 1236.
2, 3, 103
List the prime factors of 22898.
2, 107
What are the prime factors of 64490?
2, 5, 6449
List the prime factors of 37545.
3, 5, 2503
List the prime factors of 5155.
5, 1031
What are the prime factors of 790?
2, 5, 79
List the prime factors of 64392.
2, 3, 2683
What are the prime factors of 1186?
2, 593
What are the prime factors of 2272?
2, 71
List the prime factors of 7397.
13, 569
List the prime factors of 546.
2, 3, 7, 13
List the prime factors of 1459.
1459
List the prime factors of 8783.
8783
What are the prime factors of 6523?
11, 593
What are the prime factors of 27722?
2, 83, 167
List the prime factors of 15443.
15443
What are the prime factors of 4156?
2, 1039
List the prime factors of 663.
3, 13, 17
List the prime factors of 13383.
3, 1487
What are the prime factors of 7044?
2, 3, 587
List the prime factors of 3551.
53, 67
List the prime factors of 106245.
3, 5, 787
What are the prime factors of 19605?
3, 5, 1307
What are the prime factors of 4339?
4339
List the prime factors of 17622.
2, 3, 11, 89
List the prime factors of 12616.
2, 19, 83
List the prime factors of 1605.
3, 5, 107
List the prime factors of 129786.
2, 3, 97, 223
What are the prime factors of 2155?
5, 431
What are the prime factors of 721?
7, 103
List the prime factors of 94195.
5, 18839
What are the prime factors of 2387?
7, 11, 31
What are the prime factors of 8935?
5, 1787
What are the prime factors of 8687?
7, 17, 73
What are the prime factors of 32144?
2, 7, 41
List the prime factors of 1078.
2, 7, 11
List the prime factors of 70765.
5, 14153
What are the prime factors of 783?
3, 29
What are the prime factors of 161?
7, 23
List the prime factors of 370.
2, 5, 37
List the prime factors of 21730.
2, 5, 41, 53
What are the prime factors of 946?
2, 11, 43
What are the prime factors of 95892?
2, 3, 61, 131
List the prime factors of 21893.
21893
List the prime factors of 28.
2, 7
List the prime factors of 256.
2
What are the prime factors of 65?
5, 13
List the prime factors of 20879.
20879
What are the prime factors of 37500?
2, 3, 5
What are the prime factors of 612?
2, 3, 17
List the prime factors of 4934.
2, 2467
List the prime factors of 3489.
3, 1163
What are the prime factors of 84835?
5, 19, 47
List the prime factors of 16750.
2, 5, 67
What are the prime factors of 4787?
4787
What are the prime factors of 59713?
211, 283
What are the prime factors of 68626?
2, 34313
What are the prime factors of 894?
2, 3, 149
What are the prime factors of 7039?
7039
What are the prime factors of 33577?
33577
List the prime factors of 60589.
60589
What are the prime factors of 9420?
2, 3, 5, 157
What are the prime factors of 4932?
2, 3, 137
What are the prime factors of 36728?
2, 4591
What are the prime factors of 5293?
67, 79
List the prime factors of 57532.
2, 19, 757
What are the prime factors of 109867?
181, 607
What are the prime factors of 1394?
2, 17, 41
List the prime factors of 12904.
2, 1613
What are the prime factors of 81614?
2, 13, 43, 73
What are the prime factors of 56384?
2, 881
List the prime factors of 1922.
2, 31
List the prime factors of 1685.
5, 337
List the prime factors of 3823.
3823
What are the prime factors of 2876?
2, 719
What are the prime factors of 119998?
2, 59999
What are the prime factors of 36861?
3, 11, 1117
List the prime factors of 11423.
11423
What are the prime factors of 1306?
2, 653
What are the prime factors of 49914?
2, 3, 47, 59
What are the prime factors of 1301?
1301
List the prime factors of 12663.
3, 7, 67
What are the prime factors of 1390?
2, 5, 139
What are the prime factors of 4008?
2, 3, 167
List the prime factors of 428.
2, 107
What are the prime factors of 5104?
2, 11, 29
List the prime factors of 488.
2, 61
What are the prime factors of 736?
2, 23
List the prime factors of 55618.
2, 27809
What are the prime factors of 1506?
2, 3, 251
What are the prime factors of 26007?
3, 8669
What are the prime factors of 125?
5
List the prime factors of 1940.
2, 5, 97
List the prime factors of 7617.
3, 2539
What are the prime factors of 85533?
3, 7, 4073
What are the prime factors of 987?
3, 7, 47
What are the prime factors of 3550?
2, 5, 71
What are the prime factors of 3364?
2, 29
List the prime factors of 1934.
2, 967
What are the prime factors of 20093?
71, 283
What are the prime factors of 2431?
11, 13, 17
List the prime factors of 2800.
2, 5, 7
List the prime factors of 33375.
3, 5, 89
List the prime factors of 28138.
2, 11, 1279
List the prime factors of 1529.
11, 139
List the prime factors of 4809.
3, 7, 229
List the prime factors of 41822.
2, 11, 1901
What are the prime factors of 20584?
2, 31, 83
What are the prime factors of 59801?
7, 8543
List the prime factors of 120998.
2, 101, 599
What are the prime factors of 11179?
7, 1597
List the prime factors of 23.
23
What are the prime factors of 4513?
4513
List the prime factors of 351.
3, 13
List the prime factors of 25355.
5, 11, 461
List the prime factors of 85914.
2, 3, 37, 43
List the prime factors of 651.
3, 7, 31
List the prime factors of 36111.
3, 12037
List the prime factors of 2920.
2, 5, 73
What are the prime factors of 69507?
3, 7723
What are the prime factors of 21632?
2, 13
List the prime factors of 11083.
11083
List the prime factors of 97249.
79, 1231
What are the prime factors of 16387?
7, 2341
List the prime factors of 879.
3, 293
List the prime factors of 11956.
2, 7, 61
List the prime factors of 1210.
2, 5, 11
List the prime factors of 727.
727
List the prime factors of 8539.
8539
List the prime factors of 124203.
3, 19, 2179
List the prime factors of 396.
2, 3, 11
List the prime factors of 158188.
2, 71, 557
What are the prime factors of 74013?
3, 24671
What are the prime factors of 7931?
7, 11, 103
List the prime factors of 17805.
3, 5, 1187
List the prime factors of 22120.
2, 5, 7, 79
List the prime factors of 369.
3, 41
What are the prime factors of 12841?
12841
List the prime factors of 8871.
3, 2957
List the prime factors of 3157.
7, 11, 41
List the prime factors of 43746.
2, 3, 23, 317
What are the pri